{"id":661,"date":"2013-06-07T00:28:30","date_gmt":"2013-06-06T22:28:30","guid":{"rendered":"http:\/\/tintenwolf.mrkeks.net\/?page_id=661"},"modified":"2014-12-31T16:43:52","modified_gmt":"2014-12-31T14:43:52","slug":"2013-1","status":"publish","type":"page","link":"https:\/\/tintenwolf.mrkeks.net\/en\/live-in-farbe\/2013-1\/","title":{"rendered":"2013"},"content":{"rendered":"<p><a title=\"Ein Abend voll Liedern und Gedichten\" href=\"https:\/\/tintenwolf.mrkeks.net\/en\/live-in-farbe\/2013-12-18-lari-und-meas\/\"><strong>18. Dezember 2013:<\/strong><br \/>\nLari und Meas \u2013 Ein Abend voll Liedern und Gedichten<\/a><\/p>\n<p><a title=\"Kulturb\u00fchne: Zeit der Kirschen &quot;Konsum&quot;\" href=\"https:\/\/tintenwolf.mrkeks.net\/en\/live-in-farbe\/2013-1\/2013-12-12-kulturbuhne-zeit-der-kirschen\/\"><strong>12. Dezember 2013:<\/strong><br \/>\nKulturb\u00fchne: Zeit der Kirschen &#8220;Konsum&#8221;<\/a><\/p>\n<p><a title=\"Bunter Abend in der Linienstra\u00dfe 206\" href=\"https:\/\/tintenwolf.mrkeks.net\/en\/live-in-farbe\/2013-1\/2013-11-26-bunter-abend\/\"><strong>26. November 2013:<\/strong><br \/>\nBunter Abend in der Linienstra\u00dfe 206<\/a><\/p>\n<p><a title=\"KvU unplugged II \u2013 &quot;Re\u00adfu\u00adgee Strike Ber\u00adlin&quot;\" href=\"https:\/\/tintenwolf.mrkeks.net\/en\/live-in-farbe\/2013-1\/2013-11-23-kvu-unplugged-2\/\"><strong>23. November 2013:<\/strong><br \/>\nKvU unplugged II \u2013 &#8220;Re\u00adfu\u00adgee Strike Ber\u00adlin&#8221;<\/a><\/p>\n<p><a title=\"Kulturb\u00fchne: Zeit der Kirschen &quot;Gentrifizierung&quot;\" href=\"https:\/\/tintenwolf.mrkeks.net\/en\/live-in-farbe\/2013-1\/2013-11-14-zeit-der-kirschen\/\"><strong>14. November 2013:<\/strong><br \/>\nKulturb\u00fchne: Zeit der Kirschen &#8220;Gentrifizierung&#8221;<\/a><\/p>\n<p><a title=\"Paulskirchenkeller Geburtstag\" href=\"https:\/\/tintenwolf.mrkeks.net\/en\/live-in-farbe\/2013-1\/2013-11-12-paulskirchenkeller-geburtstag\"><strong>12. November 2013:<\/strong><br \/>\nPaulskirchenkeller Geburtstag<\/a><\/p>\n<p><a title=\"Kulturb\u00fchne: Zeit der Kirschen &quot;Identit\u00e4t&quot;\" href=\"https:\/\/tintenwolf.mrkeks.net\/en\/live-in-farbe\/2013-1\/2013-10-17-kulturbuhne-zeit-der-kirschen\/\"><strong>17. Oktober 2013:<\/strong><br \/>\nKulturb\u00fchne: Zeit der Kirschen &#8220;Identit\u00e4t&#8221;<\/a><\/p>\n<p><a title=\"Kleinkunstabend in der Horte\" href=\"https:\/\/tintenwolf.mrkeks.net\/en\/live-in-farbe\/2013-1\/kleinkunstabend-in-der-horte-20130920\/\"><strong>20. September 2013:<\/strong><br \/>\nKleinkunstabend in der Horte<\/a><\/p>\n<p><a title=\"Kulturb\u00fchne: Zeit der Kirschen &quot;Chile-Putsch 1973&quot;\" href=\"https:\/\/tintenwolf.mrkeks.net\/en\/live-in-farbe\/2013-1\/2013-09-12-kulturbuhne-zeit-der-kirschen\/\"><strong>12. September 2013:<\/strong><br \/>\nKulturb\u00fchne: Zeit der Kirschen &#8220;Chile-Putsch 1973&#8221;<\/a><\/p>\n<p><a title=\"Tierbefreiungskongress 2013\" href=\"https:\/\/tintenwolf.mrkeks.net\/en\/live-in-farbe\/2013-1\/tierbefreiungskongress-2013\/\"><strong>02. August 2013:<\/strong><br \/>\nTierbefreiungskongress 2013 (TBK)<\/a><\/p>\n<p><a title=\"Kulturb\u00fchne: Zeit der Kirschen &quot;Sonne, Liebe, Freiheit 1&quot;\" href=\"https:\/\/tintenwolf.mrkeks.net\/en\/live-in-farbe\/2013-1\/2013-07-11-kulturbuhne-zeit-der-kirschen\/\"><strong>11. Juli 2013:<\/strong><br \/>\nKulturb\u00fchne: Zeit der Kirschen &#8220;Sonne, Liebe, Freiheit 1&#8221;<\/a><\/p>\n<p><a title=\"Histo-Kino \u201cFr\u00fcchte des Zorns\u201d\" href=\"https:\/\/tintenwolf.mrkeks.net\/en\/live-in-farbe\/2013-1\/histo-kino-03072013\/\"><strong>03. Juli 2013:<\/strong><br \/>\nHisto-Kino \u201cFr\u00fcchte des Zorns\u201d<\/a><\/p>\n<p><a title=\"KvU unplugged\" href=\"https:\/\/tintenwolf.mrkeks.net\/en\/live-in-farbe\/2013-1\/2013-06-22-kvu-unplugged\/\"><strong>22. Juni 2013:<\/strong><br \/>\nKvU unplugged<\/a><\/p>\n<p><a title=\"Kulturb\u00fchne: Zeit der Kirschen\" href=\"https:\/\/tintenwolf.mrkeks.net\/en\/live-in-farbe\/2013-1\/2013-06-20-kulturbuhne-zeit-der-kirschen\/\"><strong>20. Juni 2013:<\/strong><br \/>\nKulturb\u00fchne: Zeit der Kirschen<\/a><\/p>\n<p><a title=\"Offene Lieder-B\u00fchne - camera dell\u00b4arte\" href=\"https:\/\/tintenwolf.mrkeks.net\/en\/live-in-farbe\/2013-1\/2013-06-17-offene-lieder-buhne\/\"><strong>17. Juni 2013:<\/strong><br \/>\nOffene Lieder-B\u00fchne &#8211; camera dell\u00b4arte<\/a><\/p>\n<p><a title=\"Kulturb\u00fchne: Zeit der Kirschen\" href=\"https:\/\/tintenwolf.mrkeks.net\/en\/live-in-farbe\/2013-1\/2013-06-13-kulturbuhne-zeit-der-kirschen\/\"><strong>13. Juni 2013:<\/strong><br \/>\nKulturb\u00fchne: Zeit der Kirschen<\/a><\/p>\n<p><a title=\"Hohchahahar sudul im Dos Kolegas\" href=\"https:\/\/tintenwolf.mrkeks.net\/en\/live-in-farbe\/2013-1\/dos-kolegas-beijing\/\"><strong>01. Juni 2013:<\/strong><br \/>\nHohchahahar sudul im Dos Kolegas<\/a><\/p>\n<p><a title=\"RAK Antir\u00e4umungsgala f\u00fcr das AZ K\u00f6ln\" href=\"https:\/\/tintenwolf.mrkeks.net\/en\/live-in-farbe\/2013-1\/rak-antiraumungsgala\/\"><strong>17. Mai 2013:<\/strong><br \/>\nRAK Antir\u00e4umungsgala f\u00fcr das AZ K\u00f6ln<\/a><\/p>\n<p><a title=\"RAK-Gala-Abend 2013\" href=\"https:\/\/tintenwolf.mrkeks.net\/en\/live-in-farbe\/2013-1\/rak-gala-abend-2013\/\"><strong>11. Mai 2013:<\/strong><br \/>\nRAK-Gala-Abend 2013&#8243;<\/a><\/p>\n<p><a title=\"Kulturb\u00fchne: Zeit der Kirschen &quot;Armut &amp; Reichtum 2&quot;\" href=\"https:\/\/tintenwolf.mrkeks.net\/en\/live-in-farbe\/2013-1\/kulturbuhne-zeit-der-kirschen-armut-reichtum-2\/\"><strong>25. April 2013:<\/strong><br \/>\nKulturb\u00fchne: Zeit der Kirschen &#8220;Armut &amp; Reichtum 2&#8221;<\/a><\/p>\n<p><a title=\"Jubil\u00e4um der Besetzung des Hambacher Forsts\" href=\"https:\/\/tintenwolf.mrkeks.net\/en\/live-in-farbe\/2013-1\/wald_statt_kohle_fest\/\"><strong>13. April 2013:<\/strong><br \/>\nJubil\u00e4um der Besetzung des Hambacher Forsts<\/a><\/p>\n<p><a title=\"Kulturb\u00fchne: Zeit der Kirschen &quot;Armut &amp; Reichtum 1&quot;\" href=\"https:\/\/tintenwolf.mrkeks.net\/en\/live-in-farbe\/2013-1\/kulturbuhne-zeit-der-kirschen-armut-reichtum-1\/\"><strong>4. April 2013:<\/strong><br \/>\nKulturb\u00fchne: Zeit der Kirschen &#8220;Armut &amp; Reichtum 1&#8221;<\/a><\/p>\n<p><a title=\"40 Jahre Tommyhaus - Liedermacherabend &amp; Open Stage Caf\u00e9\" href=\"https:\/\/tintenwolf.mrkeks.net\/en\/live-in-farbe\/2013-1\/40-jahre-tommyhaus-liedermacherabend-open-stage-cafe\/\"><strong>24. Februar 2013:<\/strong><br \/>\n40 Jahre Tommyhaus &#8211; Liedermacherabend &amp; Open Stage Caf\u00e9<\/a><\/p>\n<p><a title=\"Mahnwache gegen Gentrifizierung - Return of the living dead\" href=\"https:\/\/tintenwolf.mrkeks.net\/en\/live-in-farbe\/2013-1\/mahnwache-gegen-gentrifizierung-return-of-the-living-dead\/\"><strong>02. Februar 2013:<\/strong><br \/>\nMahnwache gegen Gentrifizierung &#8211; Return of the living dead<\/a><\/p>\n<p><a title=\"Kulturb\u00fchne \u201cGeigerz\u00e4hler &amp; Meas Wolfstatze\u201d\" href=\"https:\/\/tintenwolf.mrkeks.net\/en\/live-in-farbe\/2013-1\/kulturbuhne-geigerzahler-meas-wolfstatze\/\"><strong>10. Januar 2013:<\/strong><br \/>\nKulturb\u00fchne \u201cGeigerz\u00e4hler &amp; Meas Wolfstatze\u201d<\/a><\/p>\n<p><a href=\"https:\/\/tintenwolf.mrkeks.net\/en\/live-in-farbe\/vergangenes\/\">back<\/a><\/p>\n<div class=\"twoclick_social_bookmarks_post_661 social_share_privacy clearfix 1.6.4 locale-en_GB sprite-de_DE\"><\/div><div class=\"twoclick-js\"><script type=\"text\/javascript\">\/* <![CDATA[ *\/\njQuery(document).ready(function($){if($('.twoclick_social_bookmarks_post_661')){$('.twoclick_social_bookmarks_post_661').socialSharePrivacy({\"services\":{\"facebook\":{\"status\":\"on\",\"txt_info\":\"2 Klicks f\\u00fcr mehr Datenschutz: Erst wenn Sie hier klicken, wird der Button aktiv und Sie k\\u00f6nnen Ihre Empfehlung an Facebook senden. Schon beim Aktivieren werden Daten an Dritte \\u00fcbertragen - siehe <em>i<\\\/em>.\",\"perma_option\":\"off\",\"action\":\"recommend\",\"language\":\"de_DE\"},\"twitter\":{\"reply_to\":\"\",\"tweet_text\":\"2013%20%C2%BB%20Tintenwolf\",\"status\":\"on\",\"txt_info\":\"2 Klicks f\\u00fcr mehr Datenschutz: Erst wenn Sie hier klicken, wird der Button aktiv und Sie k\\u00f6nnen Ihre Empfehlung an Twitter senden. Schon beim Aktivieren werden Daten an Dritte \\u00fcbertragen - siehe <em>i<\\\/em>.\",\"perma_option\":\"off\",\"language\":\"de\",\"referrer_track\":\"\"},\"gplus\":{\"status\":\"on\",\"txt_info\":\"2 Klicks f\\u00fcr mehr Datenschutz: Erst wenn Sie hier klicken, wird der Button aktiv und Sie k\\u00f6nnen Ihre Empfehlung an Google+ senden. Schon beim Aktivieren werden Daten an Dritte \\u00fcbertragen - siehe <em>i<\\\/em>.\",\"perma_option\":\"off\",\"referrer_track\":\"\"}},\"txt_help\":\"Wenn Sie diese Felder durch einen Klick aktivieren, werden Informationen an Facebook, Twitter, Flattr, Xing, t3n, LinkedIn, Pinterest oder Google eventuell ins Ausland \\u00fcbertragen und unter Umst\\u00e4nden auch dort gespeichert. N\\u00e4heres erfahren Sie durch einen Klick auf das <em>i<\\\/em>.\",\"settings_perma\":\"Dauerhaft aktivieren und Daten\\u00fcber-tragung zustimmen:\",\"info_link\":\"http:\\\/\\\/www.heise.de\\\/ct\\\/artikel\\\/2-Klicks-fuer-mehr-Datenschutz-1333879.html\",\"uri\":\"https:\\\/\\\/tintenwolf.mrkeks.net\\\/en\\\/live-in-farbe\\\/2013-1\\\/\",\"post_id\":661,\"post_title_referrer_track\":\"2013\",\"display_infobox\":\"off\"});}});\n\/* ]]> *\/<\/script><\/div>","protected":false},"excerpt":{"rendered":"<p>18. Dezember 2013: Lari und Meas \u2013 Ein Abend voll Liedern und Gedichten 12. Dezember 2013: Kulturb\u00fchne: Zeit der Kirschen &#8220;Konsum&#8221; 26. November 2013: Bunter Abend in der Linienstra\u00dfe 206<\/p>\n","protected":false},"author":3,"featured_media":0,"parent":236,"menu_order":0,"comment_status":"closed","ping_status":"closed","template":"","meta":{"footnotes":""},"class_list":["post-661","page","type-page","status-publish","hentry"],"_links":{"self":[{"href":"https:\/\/tintenwolf.mrkeks.net\/en\/wp-json\/wp\/v2\/pages\/661","targetHints":{"allow":["GET"]}}],"collection":[{"href":"https:\/\/tintenwolf.mrkeks.net\/en\/wp-json\/wp\/v2\/pages"}],"about":[{"href":"https:\/\/tintenwolf.mrkeks.net\/en\/wp-json\/wp\/v2\/types\/page"}],"author":[{"embeddable":true,"href":"https:\/\/tintenwolf.mrkeks.net\/en\/wp-json\/wp\/v2\/users\/3"}],"replies":[{"embeddable":true,"href":"https:\/\/tintenwolf.mrkeks.net\/en\/wp-json\/wp\/v2\/comments?post=661"}],"version-history":[{"count":29,"href":"https:\/\/tintenwolf.mrkeks.net\/en\/wp-json\/wp\/v2\/pages\/661\/revisions"}],"predecessor-version":[{"id":3752,"href":"https:\/\/tintenwolf.mrkeks.net\/en\/wp-json\/wp\/v2\/pages\/661\/revisions\/3752"}],"up":[{"embeddable":true,"href":"https:\/\/tintenwolf.mrkeks.net\/en\/wp-json\/wp\/v2\/pages\/236"}],"wp:attachment":[{"href":"https:\/\/tintenwolf.mrkeks.net\/en\/wp-json\/wp\/v2\/media?parent=661"}],"curies":[{"name":"wp","href":"https:\/\/api.w.org\/{rel}","templated":true}]}}

<p><a title="Ein Abend voll Liedern und Gedichten" href="https://tintenwolf.mrkeks.net/en/live-in-farbe/2013-12-18-lari-und-meas/"><strong>18. Dezember 2013:</strong><br />
Lari und Meas – Ein Abend voll Liedern und Gedichten</a></p>
<p><a title="Kulturbühne: Zeit der Kirschen &quot;Konsum&quot;" href="https://tintenwolf.mrkeks.net/en/live-in-farbe/2013-1/2013-12-12-kulturbuhne-zeit-der-kirschen/"><strong>12. Dezember 2013:</strong><br />
Kulturbühne: Zeit der Kirschen &#8220;Konsum&#8221;</a></p>
<p><a title="Bunter Abend in der Linienstraße 206" href="https://tintenwolf.mrkeks.net/en/live-in-farbe/2013-1/2013-11-26-bunter-abend/"><strong>26. November 2013:</strong><br />
Bunter Abend in der Linienstraße 206</a></p>
<p><a title="KvU unplugged II – &quot;Re­fu­gee Strike Ber­lin&quot;" href="https://tintenwolf.mrkeks.net/en/live-in-farbe/2013-1/2013-11-23-kvu-unplugged-2/"><strong>23. November 2013:</strong><br />
KvU unplugged II – &#8220;Re­fu­gee Strike Ber­lin&#8221;</a></p>
<p><a title="Kulturbühne: Zeit der Kirschen &quot;Gentrifizierung&quot;" href="https://tintenwolf.mrkeks.net/en/live-in-farbe/2013-1/2013-11-14-zeit-der-kirschen/"><strong>14. November 2013:</strong><br />
Kulturbühne: Zeit der Kirschen &#8220;Gentrifizierung&#8221;</a></p>
<p><a title="Paulskirchenkeller Geburtstag" href="https://tintenwolf.mrkeks.net/en/live-in-farbe/2013-1/2013-11-12-paulskirchenkeller-geburtstag"><strong>12. November 2013:</strong><br />
Paulskirchenkeller Geburtstag</a></p>
<p><a title="Kulturbühne: Zeit der Kirschen &quot;Identität&quot;" href="https://tintenwolf.mrkeks.net/en/live-in-farbe/2013-1/2013-10-17-kulturbuhne-zeit-der-kirschen/"><strong>17. Oktober 2013:</strong><br />
Kulturbühne: Zeit der Kirschen &#8220;Identität&#8221;</a></p>
<p><a title="Kleinkunstabend in der Horte" href="https://tintenwolf.mrkeks.net/en/live-in-farbe/2013-1/kleinkunstabend-in-der-horte-20130920/"><strong>20. September 2013:</strong><br />
Kleinkunstabend in der Horte</a></p>
<p><a title="Kulturbühne: Zeit der Kirschen &quot;Chile-Putsch 1973&quot;" href="https://tintenwolf.mrkeks.net/en/live-in-farbe/2013-1/2013-09-12-kulturbuhne-zeit-der-kirschen/"><strong>12. September 2013:</strong><br />
Kulturbühne: Zeit der Kirschen &#8220;Chile-Putsch 1973&#8221;</a></p>
<p><a title="Tierbefreiungskongress 2013" href="https://tintenwolf.mrkeks.net/en/live-in-farbe/2013-1/tierbefreiungskongress-2013/"><strong>02. August 2013:</strong><br />
Tierbefreiungskongress 2013 (TBK)</a></p>
<p><a title="Kulturbühne: Zeit der Kirschen &quot;Sonne, Liebe, Freiheit 1&quot;" href="https://tintenwolf.mrkeks.net/en/live-in-farbe/2013-1/2013-07-11-kulturbuhne-zeit-der-kirschen/"><strong>11. Juli 2013:</strong><br />
Kulturbühne: Zeit der Kirschen &#8220;Sonne, Liebe, Freiheit 1&#8221;</a></p>
<p><a title="Histo-Kino “Früchte des Zorns”" href="https://tintenwolf.mrkeks.net/en/live-in-farbe/2013-1/histo-kino-03072013/"><strong>03. Juli 2013:</strong><br />
Histo-Kino “Früchte des Zorns”</a></p>
<p><a title="KvU unplugged" href="https://tintenwolf.mrkeks.net/en/live-in-farbe/2013-1/2013-06-22-kvu-unplugged/"><strong>22. Juni 2013:</strong><br />
KvU unplugged</a></p>
<p><a title="Kulturbühne: Zeit der Kirschen" href="https://tintenwolf.mrkeks.net/en/live-in-farbe/2013-1/2013-06-20-kulturbuhne-zeit-der-kirschen/"><strong>20. Juni 2013:</strong><br />
Kulturbühne: Zeit der Kirschen</a></p>
<p><a title="Offene Lieder-Bühne - camera dell´arte" href="https://tintenwolf.mrkeks.net/en/live-in-farbe/2013-1/2013-06-17-offene-lieder-buhne/"><strong>17. Juni 2013:</strong><br />
Offene Lieder-Bühne &#8211; camera dell´arte</a></p>
<p><a title="Kulturbühne: Zeit der Kirschen" href="https://tintenwolf.mrkeks.net/en/live-in-farbe/2013-1/2013-06-13-kulturbuhne-zeit-der-kirschen/"><strong>13. Juni 2013:</strong><br />
Kulturbühne: Zeit der Kirschen</a></p>
<p><a title="Hohchahahar sudul im Dos Kolegas" href="https://tintenwolf.mrkeks.net/en/live-in-farbe/2013-1/dos-kolegas-beijing/"><strong>01. Juni 2013:</strong><br />
Hohchahahar sudul im Dos Kolegas</a></p>
<p><a title="RAK Antiräumungsgala für das AZ Köln" href="https://tintenwolf.mrkeks.net/en/live-in-farbe/2013-1/rak-antiraumungsgala/"><strong>17. Mai 2013:</strong><br />
RAK Antiräumungsgala für das AZ Köln</a></p>
<p><a title="RAK-Gala-Abend 2013" href="https://tintenwolf.mrkeks.net/en/live-in-farbe/2013-1/rak-gala-abend-2013/"><strong>11. Mai 2013:</strong><br />
RAK-Gala-Abend 2013&#8243;</a></p>
<p><a title="Kulturbühne: Zeit der Kirschen &quot;Armut &amp; Reichtum 2&quot;" href="https://tintenwolf.mrkeks.net/en/live-in-farbe/2013-1/kulturbuhne-zeit-der-kirschen-armut-reichtum-2/"><strong>25. April 2013:</strong><br />
Kulturbühne: Zeit der Kirschen &#8220;Armut &amp; Reichtum 2&#8221;</a></p>
<p><a title="Jubiläum der Besetzung des Hambacher Forsts" href="https://tintenwolf.mrkeks.net/en/live-in-farbe/2013-1/wald_statt_kohle_fest/"><strong>13. April 2013:</strong><br />
Jubiläum der Besetzung des Hambacher Forsts</a></p>
<p><a title="Kulturbühne: Zeit der Kirschen &quot;Armut &amp; Reichtum 1&quot;" href="https://tintenwolf.mrkeks.net/en/live-in-farbe/2013-1/kulturbuhne-zeit-der-kirschen-armut-reichtum-1/"><strong>4. April 2013:</strong><br />
Kulturbühne: Zeit der Kirschen &#8220;Armut &amp; Reichtum 1&#8221;</a></p>
<p><a title="40 Jahre Tommyhaus - Liedermacherabend &amp; Open Stage Café" href="https://tintenwolf.mrkeks.net/en/live-in-farbe/2013-1/40-jahre-tommyhaus-liedermacherabend-open-stage-cafe/"><strong>24. Februar 2013:</strong><br />
40 Jahre Tommyhaus &#8211; Liedermacherabend &amp; Open Stage Café</a></p>
<p><a title="Mahnwache gegen Gentrifizierung - Return of the living dead" href="https://tintenwolf.mrkeks.net/en/live-in-farbe/2013-1/mahnwache-gegen-gentrifizierung-return-of-the-living-dead/"><strong>02. Februar 2013:</strong><br />
Mahnwache gegen Gentrifizierung &#8211; Return of the living dead</a></p>
<p><a title="Kulturbühne “Geigerzähler &amp; Meas Wolfstatze”" href="https://tintenwolf.mrkeks.net/en/live-in-farbe/2013-1/kulturbuhne-geigerzahler-meas-wolfstatze/"><strong>10. Januar 2013:</strong><br />
Kulturbühne “Geigerzähler &amp; Meas Wolfstatze”</a></p>
<p><a href="https://tintenwolf.mrkeks.net/en/live-in-farbe/vergangenes/">back</a></p>
<div class="twoclick_social_bookmarks_post_661 social_share_privacy clearfix 1.6.4 locale-en_GB sprite-de_DE"></div><div class="twoclick-js"><script type="text/javascript">/* <![CDATA[ */
jQuery(document).ready(function($){if($('.twoclick_social_bookmarks_post_661')){$('.twoclick_social_bookmarks_post_661').socialSharePrivacy({"services":{"facebook":{"status":"on","txt_info":"2 Klicks f\u00fcr mehr Datenschutz: Erst wenn Sie hier klicken, wird der Button aktiv und Sie k\u00f6nnen Ihre Empfehlung an Facebook senden. Schon beim Aktivieren werden Daten an Dritte \u00fcbertragen - siehe <em>i<\/em>.","perma_option":"off","action":"recommend","language":"de_DE"},"twitter":{"reply_to":"","tweet_text":"2013%20%C2%BB%20Tintenwolf","status":"on","txt_info":"2 Klicks f\u00fcr mehr Datenschutz: Erst wenn Sie hier klicken, wird der Button aktiv und Sie k\u00f6nnen Ihre Empfehlung an Twitter senden. Schon beim Aktivieren werden Daten an Dritte \u00fcbertragen - siehe <em>i<\/em>.","perma_option":"off","language":"de","referrer_track":""},"gplus":{"status":"on","txt_info":"2 Klicks f\u00fcr mehr Datenschutz: Erst wenn Sie hier klicken, wird der Button aktiv und Sie k\u00f6nnen Ihre Empfehlung an Google+ senden. Schon beim Aktivieren werden Daten an Dritte \u00fcbertragen - siehe <em>i<\/em>.","perma_option":"off","referrer_track":""}},"txt_help":"Wenn Sie diese Felder durch einen Klick aktivieren, werden Informationen an Facebook, Twitter, Flattr, Xing, t3n, LinkedIn, Pinterest oder Google eventuell ins Ausland \u00fcbertragen und unter Umst\u00e4nden auch dort gespeichert. N\u00e4heres erfahren Sie durch einen Klick auf das <em>i<\/em>.","settings_perma":"Dauerhaft aktivieren und Daten\u00fcber-tragung zustimmen:","info_link":"http:\/\/www.heise.de\/ct\/artikel\/2-Klicks-fuer-mehr-Datenschutz-1333879.html","uri":"https:\/\/tintenwolf.mrkeks.net\/en\/live-in-farbe\/2013-1\/","post_id":661,"post_title_referrer_track":"2013","display_infobox":"off"});}});
/* ]]> */</script></div>

<p>18. Dezember 2013: Lari und Meas – Ein Abend voll Liedern und Gedichten 12. Dezember 2013: Kulturbühne: Zeit der Kirschen &#8220;Konsum&#8221; 26. November 2013: Bunter Abend in der Linienstraße 206</p>
