{"id":254,"date":"2013-03-10T11:30:34","date_gmt":"2013-03-10T09:30:34","guid":{"rendered":"http:\/\/tintenwolf.mrkeks.net\/?page_id=254"},"modified":"2014-10-21T16:03:36","modified_gmt":"2014-10-21T14:03:36","slug":"kulturbuhne-zeit-der-kirschen-armut-reichtum-1","status":"publish","type":"page","link":"https:\/\/tintenwolf.mrkeks.net\/en\/live-in-farbe\/2013-1\/kulturbuhne-zeit-der-kirschen-armut-reichtum-1\/","title":{"rendered":"2013-04-04: Kulturb\u00fchne: Zeit der Kirschen \u201cArmut &#038; Reichtum 1\u201d"},"content":{"rendered":"<ul>\n<li><strong>wer?<\/strong><em> Tintenwolf\/<a href=\"http:\/\/www.lastfm.de\/music\/Sandro+&#038;+Meas+Wolfstatze\" target=\"_blank\">Sandro &amp; Meas Wolfstatze<\/a> (linksautonome Hippie-Punk-Lyrik)\u00a0und <a href=\"http:\/\/sahara.mrkeks.net\/\" target=\"_blank\">Sahara B.<\/a> (l\u00e4ngere u. k\u00fcrzere (Kurz-)geschichten)<\/em><\/li>\n<\/ul>\n<ul>\n<li><strong>welche G\u00e4ste?<\/strong><em> <a href=\"http:\/\/www.frankviehweg.de\/\" target=\"_blank\">Frank Viehweg<\/a> (Liedermacher), <a href=\"http:\/\/wundabunt.weebly.com\/\" target=\"_blank\">der Wundabunte Straszenpunk<\/a> (Liedermacher &amp; Stra\u00dfenmusiker) und der Performance &#8220;echt arm&#8221; (Theater), Bert Kartesas (Liedermacher)<\/em><\/li>\n<\/ul>\n<ul>\n<li><strong>wann?<\/strong> <em>am 4. April 2013 ab 20:00 Uhr<\/em><\/li>\n<\/ul>\n<ul>\n<li><strong>wo?<\/strong> <em>in der <a href=\"http:\/\/www.baiz.info\/\" target=\"_blank\">Baiz<\/a>, Christinenstr. 1, Berlin<\/em><\/li>\n<\/ul>\n<ul>\n<li><a href=\"http:\/\/www.lastfm.de\/event\/3532782\" target=\"_blank\">Veranstaltung bei last.fm<\/a><\/li>\n<\/ul>\n<ul>\n<li><a href=\"https:\/\/tintenwolf.mrkeks.net\/en\/live-in-farbe\/2013-1\/kulturbuhne-zeit-der-kirschen-armut-reichtum-2\/\">n\u00e4chste Kulturb\u00fchne der Zeit der Kirschen<\/a><\/li>\n<\/ul>\n<p><a href=\"https:\/\/tintenwolf.mrkeks.net\/en\/live-in-farbe\/2013-1\/\">back<\/a><\/p>\n<div class=\"twoclick_social_bookmarks_post_254 social_share_privacy clearfix 1.6.4 locale-en_GB sprite-de_DE\"><\/div><div class=\"twoclick-js\"><script type=\"text\/javascript\">\/* <![CDATA[ *\/\njQuery(document).ready(function($){if($('.twoclick_social_bookmarks_post_254')){$('.twoclick_social_bookmarks_post_254').socialSharePrivacy({\"services\":{\"facebook\":{\"status\":\"on\",\"txt_info\":\"2 Klicks f\\u00fcr mehr Datenschutz: Erst wenn Sie hier klicken, wird der Button aktiv und Sie k\\u00f6nnen Ihre Empfehlung an Facebook senden. Schon beim Aktivieren werden Daten an Dritte \\u00fcbertragen - siehe <em>i<\\\/em>.\",\"perma_option\":\"off\",\"action\":\"recommend\",\"language\":\"de_DE\"},\"twitter\":{\"reply_to\":\"\",\"tweet_text\":\"%202013-04-04%3A%20Kulturb%C3%BChne%3A%20Zeit%20der%20Kirschen%20%E2%80%9CArmut%20%26%20Reichtum%201%E2%80%9D%20...\",\"status\":\"on\",\"txt_info\":\"2 Klicks f\\u00fcr mehr Datenschutz: Erst wenn Sie hier klicken, wird der Button aktiv und Sie k\\u00f6nnen Ihre Empfehlung an Twitter senden. Schon beim Aktivieren werden Daten an Dritte \\u00fcbertragen - siehe <em>i<\\\/em>.\",\"perma_option\":\"off\",\"language\":\"de\",\"referrer_track\":\"\"},\"gplus\":{\"status\":\"on\",\"txt_info\":\"2 Klicks f\\u00fcr mehr Datenschutz: Erst wenn Sie hier klicken, wird der Button aktiv und Sie k\\u00f6nnen Ihre Empfehlung an Google+ senden. Schon beim Aktivieren werden Daten an Dritte \\u00fcbertragen - siehe <em>i<\\\/em>.\",\"perma_option\":\"off\",\"referrer_track\":\"\"}},\"txt_help\":\"Wenn Sie diese Felder durch einen Klick aktivieren, werden Informationen an Facebook, Twitter, Flattr, Xing, t3n, LinkedIn, Pinterest oder Google eventuell ins Ausland \\u00fcbertragen und unter Umst\\u00e4nden auch dort gespeichert. N\\u00e4heres erfahren Sie durch einen Klick auf das <em>i<\\\/em>.\",\"settings_perma\":\"Dauerhaft aktivieren und Daten\\u00fcber-tragung zustimmen:\",\"info_link\":\"http:\\\/\\\/www.heise.de\\\/ct\\\/artikel\\\/2-Klicks-fuer-mehr-Datenschutz-1333879.html\",\"uri\":\"https:\\\/\\\/tintenwolf.mrkeks.net\\\/en\\\/live-in-farbe\\\/2013-1\\\/kulturbuhne-zeit-der-kirschen-armut-reichtum-1\\\/\",\"post_id\":254,\"post_title_referrer_track\":\"2013-04-04%3A+Kulturb%C3%BChne%3A+Zeit+der+Kirschen+%E2%80%9CArmut+%26%23038%3B+Reichtum+1%E2%80%9D\",\"display_infobox\":\"off\"});}});\n\/* ]]> *\/<\/script><\/div>","protected":false},"excerpt":{"rendered":"<p>wer? Tintenwolf\/Sandro &amp; Meas Wolfstatze (linksautonome Hippie-Punk-Lyrik)\u00a0und Sahara B. (l\u00e4ngere u. k\u00fcrzere (Kurz-)geschichten) welche G\u00e4ste? Frank Viehweg (Liedermacher), der Wundabunte Straszenpunk (Liedermacher &amp; Stra\u00dfenmusiker) und der Performance &#8220;echt arm&#8221; (Theater),<\/p>\n","protected":false},"author":3,"featured_media":0,"parent":661,"menu_order":22,"comment_status":"closed","ping_status":"closed","template":"","meta":{"footnotes":""},"class_list":["post-254","page","type-page","status-publish","hentry"],"_links":{"self":[{"href":"https:\/\/tintenwolf.mrkeks.net\/en\/wp-json\/wp\/v2\/pages\/254","targetHints":{"allow":["GET"]}}],"collection":[{"href":"https:\/\/tintenwolf.mrkeks.net\/en\/wp-json\/wp\/v2\/pages"}],"about":[{"href":"https:\/\/tintenwolf.mrkeks.net\/en\/wp-json\/wp\/v2\/types\/page"}],"author":[{"embeddable":true,"href":"https:\/\/tintenwolf.mrkeks.net\/en\/wp-json\/wp\/v2\/users\/3"}],"replies":[{"embeddable":true,"href":"https:\/\/tintenwolf.mrkeks.net\/en\/wp-json\/wp\/v2\/comments?post=254"}],"version-history":[{"count":35,"href":"https:\/\/tintenwolf.mrkeks.net\/en\/wp-json\/wp\/v2\/pages\/254\/revisions"}],"predecessor-version":[{"id":3591,"href":"https:\/\/tintenwolf.mrkeks.net\/en\/wp-json\/wp\/v2\/pages\/254\/revisions\/3591"}],"up":[{"embeddable":true,"href":"https:\/\/tintenwolf.mrkeks.net\/en\/wp-json\/wp\/v2\/pages\/661"}],"wp:attachment":[{"href":"https:\/\/tintenwolf.mrkeks.net\/en\/wp-json\/wp\/v2\/media?parent=254"}],"curies":[{"name":"wp","href":"https:\/\/api.w.org\/{rel}","templated":true}]}}

2013-04-04: Kulturbühne: Zeit der Kirschen “Armut &#038; Reichtum 1”

<ul>
<li><strong>wer?</strong><em> Tintenwolf/<a href="http://www.lastfm.de/music/Sandro+&#038;+Meas+Wolfstatze" target="_blank">Sandro &amp; Meas Wolfstatze</a> (linksautonome Hippie-Punk-Lyrik) und <a href="http://sahara.mrkeks.net/" target="_blank">Sahara B.</a> (längere u. kürzere (Kurz-)geschichten)</em></li>
</ul>
<ul>
<li><strong>welche Gäste?</strong><em> <a href="http://www.frankviehweg.de/" target="_blank">Frank Viehweg</a> (Liedermacher), <a href="http://wundabunt.weebly.com/" target="_blank">der Wundabunte Straszenpunk</a> (Liedermacher &amp; Straßenmusiker) und der Performance &#8220;echt arm&#8221; (Theater), Bert Kartesas (Liedermacher)</em></li>
</ul>
<ul>
<li><strong>wann?</strong> <em>am 4. April 2013 ab 20:00 Uhr</em></li>
</ul>
<ul>
<li><strong>wo?</strong> <em>in der <a href="http://www.baiz.info/" target="_blank">Baiz</a>, Christinenstr. 1, Berlin</em></li>
</ul>
<ul>
<li><a href="http://www.lastfm.de/event/3532782" target="_blank">Veranstaltung bei last.fm</a></li>
</ul>
<ul>
<li><a href="https://tintenwolf.mrkeks.net/en/live-in-farbe/2013-1/kulturbuhne-zeit-der-kirschen-armut-reichtum-2/">nächste Kulturbühne der Zeit der Kirschen</a></li>
</ul>
<p><a href="https://tintenwolf.mrkeks.net/en/live-in-farbe/2013-1/">back</a></p>
<div class="twoclick_social_bookmarks_post_254 social_share_privacy clearfix 1.6.4 locale-en_GB sprite-de_DE"></div><div class="twoclick-js"><script type="text/javascript">/* <![CDATA[ */
jQuery(document).ready(function($){if($('.twoclick_social_bookmarks_post_254')){$('.twoclick_social_bookmarks_post_254').socialSharePrivacy({"services":{"facebook":{"status":"on","txt_info":"2 Klicks f\u00fcr mehr Datenschutz: Erst wenn Sie hier klicken, wird der Button aktiv und Sie k\u00f6nnen Ihre Empfehlung an Facebook senden. Schon beim Aktivieren werden Daten an Dritte \u00fcbertragen - siehe <em>i<\/em>.","perma_option":"off","action":"recommend","language":"de_DE"},"twitter":{"reply_to":"","tweet_text":"%202013-04-04%3A%20Kulturb%C3%BChne%3A%20Zeit%20der%20Kirschen%20%E2%80%9CArmut%20%26%20Reichtum%201%E2%80%9D%20...","status":"on","txt_info":"2 Klicks f\u00fcr mehr Datenschutz: Erst wenn Sie hier klicken, wird der Button aktiv und Sie k\u00f6nnen Ihre Empfehlung an Twitter senden. Schon beim Aktivieren werden Daten an Dritte \u00fcbertragen - siehe <em>i<\/em>.","perma_option":"off","language":"de","referrer_track":""},"gplus":{"status":"on","txt_info":"2 Klicks f\u00fcr mehr Datenschutz: Erst wenn Sie hier klicken, wird der Button aktiv und Sie k\u00f6nnen Ihre Empfehlung an Google+ senden. Schon beim Aktivieren werden Daten an Dritte \u00fcbertragen - siehe <em>i<\/em>.","perma_option":"off","referrer_track":""}},"txt_help":"Wenn Sie diese Felder durch einen Klick aktivieren, werden Informationen an Facebook, Twitter, Flattr, Xing, t3n, LinkedIn, Pinterest oder Google eventuell ins Ausland \u00fcbertragen und unter Umst\u00e4nden auch dort gespeichert. N\u00e4heres erfahren Sie durch einen Klick auf das <em>i<\/em>.","settings_perma":"Dauerhaft aktivieren und Daten\u00fcber-tragung zustimmen:","info_link":"http:\/\/www.heise.de\/ct\/artikel\/2-Klicks-fuer-mehr-Datenschutz-1333879.html","uri":"https:\/\/tintenwolf.mrkeks.net\/en\/live-in-farbe\/2013-1\/kulturbuhne-zeit-der-kirschen-armut-reichtum-1\/","post_id":254,"post_title_referrer_track":"2013-04-04%3A+Kulturb%C3%BChne%3A+Zeit+der+Kirschen+%E2%80%9CArmut+%26%23038%3B+Reichtum+1%E2%80%9D","display_infobox":"off"});}});
/* ]]> */</script></div>

<p>wer? Tintenwolf/Sandro &amp; Meas Wolfstatze (linksautonome Hippie-Punk-Lyrik) und Sahara B. (längere u. kürzere (Kurz-)geschichten) welche Gäste? Frank Viehweg (Liedermacher), der Wundabunte Straszenpunk (Liedermacher &amp; Straßenmusiker) und der Performance &#8220;echt arm&#8221; (Theater),</p>
